n base 10, what is -9 + -3511279?
-3511288
In base 7, what is -5304 - -11446?
3142
In base 13, what is 1b60743 + 5?
1b60748
In base 12, what is 747168 - -166?
747312
In base 7, what is -4210 + 43660?
36450
In base 7, what is 25340051 + -46?
25340002
In base 4, what is 10130133031 - 0?
10130133031
In base 10, what is 300 - -63998?
64298
In base 13, what is 8a - -10b8b?
10c48
In base 5, what is -10 + -31434101420?
-31434101430
In base 10, what is -331840548 + 2?
-331840546
In base 9, what is -5112 - -4727?
-274
In base 7, what is 2645 + 214453?
220431
In base 15, what is -1eb7c4 - -10?
-1eb7b4
In base 8, what is 45 + -10477552?
-10477505
In base 8, what is 2601 + 560?
3361
In base 14, what is -43d - 415c?
-459b
In base 12, what is 1b9459 + -bb?
1b935a
In base 3, what is -102 - -11012010221?
11012010112
In base 4, what is -2100 + -11122001202?
-11122003302
In base 3, what is -2002201 - -12212022022?
12210012121
In base 14, what is -5 - -1535ab3?
1535aac
In base 7, what is 40200 + 240135?
310335
In base 11, what is -7562 + 832?
-6830
In base 15, what is -5 - 40de780?
-40de785
In base 10, what is 5455 + 5513?
10968
In base 9, what is -2488 - 4014?
-6513
In base 8, what is -4010440627 + 0?
-4010440627
In base 7, what is -1212 - -233330?
232115
In base 9, what is -3 - -4286760?
4286756
In base 11, what is -2 + 1627a422?
1627a420
In base 13, what is -1 - -1082226?
1082225
In base 9, what is -152733064 - 1?
-152733065
In base 7, what is 32623612 - -12?
32623624
In base 8, what is -7637 - 7242?
-17101
In base 10, what is 17 + -4881?
-4864
In base 9, what is 2164122 - 3?
2164118
In base 11, what is -473 + -a89476?
-a89939
In base 14, what is -39a - 822?
-bbc
In base 10, what is 3 + -1648926?
-1648923
In base 4, what is 10033 + -13102220103?
-13102210010
In base 16, what is ca43 + -9b?
c9a8
In base 4, what is -23313 + 3032213?
3002300
In base 11, what is -7884 + 24a8?
-5387
In base 13, what is -62 - 1118c?
-11221
In base 2, what is -10011110111010010100 + 10110100111?
-10011110100011101101
In base 7, what is 1030513545 + 4?
1030513552
In base 9, what is -42603484 - -3?
-42603481
In base 3, what is 1002021001021112 - 110?
1002021001021002
In base 9, what is -234088488 - -1?
-234088487
In base 8, what is -5251 + 34570?
27317
In base 4, what is -1311 - 113221122030?
-113221130001
In base 8, what is -40061 - -1041?
-37020
In base 5, what is 2023 + 4430031?
4432104
In base 13, what is cb4 - 132?
b82
In base 12, what is -3179107 + -7?
-3179112
In base 2, what is 111111111011000110110011 + -1?
111111111011000110110010
In base 9, what is -8675146 + -3?
-8675150
In base 15, what is 5760a83 - -4?
5760a87
In base 3, what is -11222101 - -1002000222?
220001121
In base 11, what is -3 - -104a289a7?
104a289a4
In base 3, what is 12 + -221200120221222?
-221200120221210
In base 12, what is -a3b138 + -40?
-a3b178
In base 11, what is -3649a1101 + 4?
-3649a10a8
In base 6, what is 21 + -513343221?
-513343200
In base 6, what is -1 - 1112513522?
-1112513523
In base 8, what is -1127 - -1033467?
1032340
In base 5, what is 114111 + 240433?
410044
In base 14, what is -1cdad21 + 4?
-1cdad1b
In base 4, what is 10211201 + -211132?
10000003
In base 4, what is 1122 - 1002023123?
-1002022001
In base 14, what is -2d399 + 24bc?
-2acbb
In base 10, what is -1 + 22069854?
22069853
In base 13, what is 5a3889 + 41?
5a38ca
In base 10, what is 304459626 - 1?
304459625
In base 2, what is -11101001100000000 + -11010?
-11101001100011010
In base 6, what is -3133 + 332200?
325023
In base 12, what is 612657 - -b?
612666
In base 15, what is -29a28 + -a7?
-29ad0
In base 15, what is -129b04 + 1ec?
-129907
In base 14, what is -6cd - 47c?
-b6b
In base 6, what is -223312 + 250311?
22555
In base 8, what is 2 + 61533506?
61533510
In base 4, what is 101021130220 + -11?
101021130203
In base 3, what is -1211 - 121022220222?
-121022222210
In base 5, what is -133201301 - -4?
-133201242
In base 11, what is 16935395 - 5?
16935390
In base 10, what is -803 + -142975?
-143778
In base 2, what is 1001101 - -100100001010111011?
100100001100001000
In base 3, what is -20222 - -101011011120111?
101011011022112
In base 7, what is 110 - -15463563?
15464003
In base 10, what is 0 - -4802488?
4802488
In base 14, what is -3 - 2b736?
-2b739
In base 16, what is 4 + 913fbe?
913fc2
In base 10, what is 2 - -506620?
506622
In base 5, what is -1201 - 214002041?
-214003242
In base 9, what is 3 + -10086778?
-10086775
In base 12, what is 11497 + 107a?
12555
In base 14, what is 0 - 1298544?
-1298544
In base 13, what is 177b69 + -158?
177a11
In base 6, what is 2105201 + -3211?
2101550
In base 13, what is -16 - -190728?
190712
In base 2, what is 1011101010 + -110100000110?
-101000011100
In base 15, what is 3 + 4b8484?
4b8487
In base 4, what is 1301103220120 - 1?
1301103220113
In base 16, what is 29446d + -8f?
2943de
In base 8, what is -23737 + 125175?
101236
In base 14, what is -20 + -9134d?
-9136d
In base 16, what is -8 + -65140ac?
-65140b4
In base 11, what is -9 - -1021972?
1021964
In base 9, what is -18160 - 2466?
-21636
In base 8, what is 237624 - -12523?
252347
In base 11, what is -13 - 9a928?
-9a940
In base 15, what is -14297 - -11?
-14286
In base 15, what is -21397 + ea?
-2129c
In base 2, what is -1011101100110100 - 1010011010?
-1011110111001110
In base 12, what is -222b0a + -66?
-222b74
In base 3, what is 1122 - 201121021?
-201112122
In base 8, what is 143 + -536141?
-535776
In base 13, what is -1 - -b48c47b?
b48c47a
In base 12, what is -b + -15296a?
-152979
In base 3, what is -210111121 - 202?
-210112100
In base 7, what is 1426 - 2333354?
-2331625
In base 7, what is -1436 + 132032?
130263
In base 8, what is 4673025 - 1064?
4671741
In base 2, what is -1101111 + -1001110011111010011?
-1001110100001000010
In base 6, what is 122314403 - 11?
122314352
In base 10, what is -35 + 55644?
55609
In base 16, what is -17d - -1e23b?
1e0be
In base 6, what is 4242132 + 1053?
4243225
In base 4, what is 11023 - -2003302?
2020331
In base 7, what is -6 + 24544342?
24544333
In base 7, what is 22040512124 - -1?
22040512125
In base 6, what is 1 - 402004055?
-402004054
In base 3, what is -2010 - -202100011210?
202100002200
In base 16, what is -6e67 + 266?
-6c01
In base 11, what is -1 + 49a0686?
49a0685
In base 12, what is -16a41b + 23?
-16a3b8
In base 12, what is 260719 + 30?
260749
In base 16, what is 1 + -16628c?
-16628b
In base 14, what is -2 - b14305a?
-b14305c
In base 14, what is 1047 - 9d?
d88
In base 6, what is 213323 - 444105?
-230342
In base 11, what is 13025 - 200?
12925
In base 8, what is -2760477020 - 1?
-2760477021
In base 6, what is -114 - 22442552?
-22443110
In base 3, what is 2020 - -1010102201?
1010111221
In base 14, what is dab9 + 1ad7?
117b2
In base 8, what is -2231 - 475432?
-477663
In base 11, what is 134686a + -171?
13466a9
In base 13, what is 15c334 - -3?
15c337
In base 10, what is 150 + 103531?
103681
In base 14, what is -5 - 6302cc?
-6302d3
In base 16, what is -9 + 5f62a7?
5f629e
In base 2, what is -1000010 - -110010010110011001?
110010010101010111
In base 6, what is -3440505 + 4?
-3440501
In base 3, what is -10020012000 + 202011?
-10012102212
In base 5, what is -200 - -11232103?
11231403
In base 9, what is 687 + -17643?
-16845
In base 15, what is 32d7d - 19?
32d64
In base 12, what is -80 + -39a015?
-39a095
In base 4, what is -100 + -33111?
-33211
In base 10, what is -5841 - 13?
-5854
In base 8, what is 13627 - -17347?
33176
In base 11, what is -18 + -a49371?
-a49389
In base 9, what is 135 + 72035?
72171
In base 11, what is -1 - -24161301?
24161300
In base 9, what is -25 - 70388523?
-70388548
In base 15, what is 1 + 25995d0?
25995d1
In base 4, what is 2023130312220 - 3?
2023130312211
In base 4, what is -1233102132 + 33?
-1233102033
In base 6, what is -10 - 1131034303?
-1131034313
In base 13, what is 41b3788 + -59?
41b372c
In base 13, what is 136b - -7b93?
9231
In base 9, what is -2 - 1045354?
-1045356
In base 13, what is 50 + -b0573?
-b0523
In base 10, what is 786562 - -199?
786761
In base 15, what is -404e + 458?
-3ae6
In base 4, what is -1212132 - 112031?
-1330223
In base 11, what is -127 + 178309?
178192
In base 2, what is 1010101001010100010 - -1010111011?
1010101010101011101
In base 3, what is -2 - -2010122001222?
201012200122